t the prime factors of g.
2, 7, 13
Let n(x) = -4*x + 40 + 3*x + 5*x. Suppose 4*y + f = -35, 3*y + 2*f = -18 - 7. List the prime factors of n(y).
2
Let u be ((-31086)/(-297))/(1/9). Let l = u - 547. List the prime factors of l.
5, 79
Suppose 39840 - 15679 = 2*m - s, -4*s = m - 12058. Suppose 6*l - m = -5*l. List the prime factors of l.
2, 3, 61
Suppose i + 0 = 6. Suppose 0 = -i*v - 4*v. Suppose v = 70*m - 67*m - 513. What are the prime factors of m?
3, 19
Let i(u) = -u**3 + 12*u**2 + 5*u + 12. Suppose -3*w + 5*w - 258 = -5*y, -y + 5*w = -30. Let o = 62 - y. What are the prime factors of i(o)?
2, 3
Let i be (-27 - 4)/((-1)/(-4)). Let v = -140 - i. Let p(s) = s**2 + 5*s + 18. What are the prime factors of p(v)?
2, 97
Let t = -5 + 20. Suppose -184 = t*d - 19*d. Suppose -2*x + 5*m + 149 = 0, -m = x - d - 39. List the prime factors of x.
2, 41
Let z = 543 - 379. Suppose -k - z = d - 495, -4*k + 4*d + 1292 = 0. List the prime factors of k.
3, 109
Suppose 2*q + f = -3*f - 4296, q - 3*f + 2143 = 0. Let w = q - -3702. What are the prime factors of w?
2, 389
Let u(r) = 2564*r**2 - 55*r + 105. List the prime factors of u(2).
3, 17, 67
Let i = 6494 + 2493. What are the prime factors of i?
11, 19, 43
Let g be (-1374)/(-3) + -4 + 3 - -2. Suppose -3*k + 1362 = g. Suppose -k = -l - 2*l + b, 0 = -5*l - 3*b + 511. List the prime factors of l.
101
Let f = 2291 - -4676. What are the prime factors of f?
6967
Let l(r) = -11*r**3 - 2*r**2 - 2*r + 1. Let i be l(2). Let q be -54*(-11)/(i/(-150)). Suppose -5*v = -15*v + q. List the prime factors of v.
2, 3, 5
Let p(u) = 6229*u**2 - 88*u - 90. What are the prime factors of p(-1)?
13, 479
List the prime factors of ((-595560)/(-147))/((-19)/(-133)).
2, 5, 709
Let c(h) = h**2 + 14*h + 98. Let p be c(-7). Suppose p*i = 30194 + 19639. What are the prime factors of i?
3, 113
Suppose 2*k = i, 0 = -0*k + 5*k. Suppose i = -4*y - 2*l + 4*l - 198, -3*y - 3*l = 162. Let d = 87 + y. What are the prime factors of d?
2, 3
Suppose 11*x - 40 = -62. List the prime factors of -9 - (-1239)/14 - x/(-4).
79
Suppose -3447*o = -3452*o + 1810. List the prime factors of o.
2, 181
Suppose -3*l - 140 - 256 = 2*o, 3*l + 396 = -4*o. Let j = -57 - l. What are the prime factors of j?
3, 5
Let j be -6 - ((-4)/(-4))/(-1). Let r be (-596)/(-28) + j - 2/7. Let f = 101 - r. List the prime factors of f.
5, 17
Suppose -3*m = -5*z + 341, 0 = -3*m + z - 70 - 279. Let p = m - -486. Suppose -8*r + p = -535. What are the prime factors of r?
113
Let o = -37 - -51. Suppose -o*c = -3*c + 352. Let z = 213 + c. What are the prime factors of z?
181
Let n = 26977 + 1924. What are the prime factors of n?
28901
Suppose -2*d + 0*g + 3*g = -1, -3*d - 3*g + 9 = 0. Suppose 0 = d*n - 4*c - 604, 7*n - 891 = 4*n + c. List the prime factors of n.
2, 37
Let k = 13796 - 2817. List the prime factors of k.
10979
Let m = -6350 + 35873. What are the prime factors of m?
3, 13, 757
Let b = 10550 - -1989. List the prime factors of b.
12539
Let j(y) = 13*y - 189. Let f be j(15). Suppose -4*w + f*h + 2852 = 2*h, 5*w = -2*h + 3593. List the prime factors of w.
3, 239
Suppose -7*t + 162 + 496 = 0. Suppose 86*r = t*r - 4488. What are the prime factors of r?
3, 11, 17
Suppose -2*m = 97*g - 99*g - 15632, 0 = m - 4*g - 7825. What are the prime factors of m?
13, 601
Let x = -4221 - -2804. Let d = -664 - x. What are the prime factors of d?
3, 251
Let q = -419 - -421. Suppose -13*d + 10*d - 5*i + 566 = 0, -q*d + i + 386 = 0. List the prime factors of d.
2, 3
Let w = 1468 - 827. Suppose -p = h - 319, 0 = -3*h + h - 3*p + w. Let y = -163 + h. List the prime factors of y.
3, 17
Let y(j) = j**3 - 16*j**2 + 32*j - 11. Let w be y(10). Let l = -98 - w. What are the prime factors of l?
193
Suppose 0 = -4*j + c + 2041, 7*j = 3*j - 3*c + 2037. Let m = j - 154. What are the prime factors of m?
2, 89
Let x = -22 + 57. Let f = x + -30. Suppose -6*d + f*d = -125. List the prime factors of d.
5
Let i be (-22)/6 - 5/15. Let y be 178*((-10)/i)/(-5). Let p = 154 + y. List the prime factors of p.
5, 13
Let z(g) = 8*g**3 - 2*g**2 - 4. Let i be z(2). Suppose -5*j = -j - i. Suppose 2*h - 23 = j. What are the prime factors of h?
2, 3
Suppose -2*p - 24 = 8. Let n = p + 714. List the prime factors of n.
2, 349
What are the prime factors of 67/670 + 567267/30?
3, 11, 191
Let a(r) be the first derivative of r**2 - 271. Let l be (-46)/(-6) - (-2)/6. What are the prime factors of a(l)?
2
Let c(t) = -t**3 - 6*t**2 - 10*t - 5. Let g be c(-4). Let r be 3/2 - (-12)/8. Suppose 344 = g*h + 2*h - 3*p, -2*h = -r*p - 134. List the prime factors of h.
2, 5, 7
Let j be (5 + -2 + -3)/3. Suppose j = -5*n - 20, 2*q + 3*n - 8*n = 160. Suppose -2*k - 2*b + q = -0*k, 4*b = 3*k - 126. What are the prime factors of k?
2, 19
Let k be 60707/(-102) - 3/(-18). Let y = -148 - k. List the prime factors of y.
3, 149
Suppose 2*l + 5*j - 46988 = 0, -2*l + 5*j = -29955 - 17033. What are the prime factors of l?
2, 17, 691
Suppose -36*r + 37*r + 12 = 0. Let n(k) = k**3 + 14*k**2 + 22*k + 15. What are the prime factors of n(r)?
3, 13
Suppose 20*u = 15*u. Let d be 35*(4/20 - u). Suppose -354 = z - d*z. What are the prime factors of z?
59
Let q be (9 - 2)*(-4)/(-14). Let k(y) = -1 - y**q - 14*y - 7*y - 6. List the prime factors of k(-13).
97
Suppose 16*w - 6054 = 10*w. Let a = -416 + w. What are the prime factors of a?
593
What are the prime factors of (-18)/(-45)*((-6133125)/10)/(-15)?
5, 3271
Let m be (-3 - -2 - 3) + 7. Let g = 3 + m. What are the prime factors of (g/39 - 102/(-13))*8?
2
Let c(d) = -d**2 - 2*d + 12. Let r be c(0). Suppose 7*n - 5*n - r = 0. Suppose -n*l - 19 = -205. List the prime factors of l.
31
Let y(p) = -3*p**3 + 0 - p**2 - 7 + 27*p + 23*p**2. Let d(q) = -q**3 + 11*q**2 + 13*q - 4. Let u(v) = -5*d(v) + 2*y(v). What are the prime factors of u(-11)?
127
Suppose 6*l + 5*l - 7942 = 0. List the prime factors of -10 + 7 + l - 1.
2, 359
Suppose -5*h - 5*h = -6510. Suppose 3741 - h = 6*a. List the prime factors of a.
5, 103
Suppose s = 169 - 166. Suppose -z - s*z = -5*t + 1429, -5*z - 847 = -3*t. List the prime factors of t.
17
Suppose -3*i - 3020 + 7332 = -5*r, 2*i + r = 2866. List the prime factors of i.
2, 3, 239
Suppose -88070 = -5*u - 5*y, -2*u + 17443 = 3*y - 17784. List the prime factors of u.
5, 13, 271
Suppose 2*q - 8 = -2*q + 4*a, 0 = -4*q - 5*a - 10. Suppose -x - 5*d - 2205 = -6*x, 3*x + d - 1331 = q. List the prime factors of x.
443
Let s(f) = 21493*f**3 + 32*f**2 - f - 1. What are the prime factors of s(1)?
21523
Suppose 0 = 9*q - 8117 + 1718. Let i = -395 + q. Suppose i = -33*j + 37*j. List the prime factors of j.
79
Let b be (120 - 5)/((-2)/4). Let k = 265 - b. List the prime factors of k.
3, 5, 11
Suppose -4*f + 0*f = -124. Let v = 39 - f. Suppose -v = j - 75. What are the prime factors of j?
67
Let b be (-5 + 11/1)*(-1 + 2). Suppose 5*h = h - 3*y + 12, 2*y = -2*h + b. Let l(i) = 43*i - 10. List the prime factors of l(h).
7, 17
What are the prime factors of (-3)/(9/(-4274)) + (370/10)/111?
3, 5, 19
Let d(b) = 4*b**2 + 6*b - 7. Let z be d(2). Suppose 34*p - z = 35*p. List the prime factors of (-1118)/(-14) - 3/p.
2, 5
Let o = -3137 - -6236. Let p = o - 1206. List the prime factors of p.
3, 631
Let l(x) = -x**3 - 71*x**2 - 20*x - 304. What are the prime factors of l(-73)?
2, 3, 11, 179
Suppose -20*u - 181 = -601. What are the prime factors of (442/(-91))/((-1)/u)?
2, 3, 17
Let j(w) = 583*w - 83. Let c(b) = 2*b**2 - 35*b + 35. Let v be c(1). What are the prime factors of j(v)?
3, 19
Let l(c) be the first derivative of c**4/4 + 13*c**3/3 - 17*c**2/2 - 13*c + 4. Let t be l(-14). Suppose -t = -a + 34. List the prime factors of a.
3, 7
Let q(c) = -2749*c**2 + 8*c + 2. Let d be q(-1). Let t = -1521 - d. What are the prime factors of t?
2, 617
Let l(q) = 4*q - 10. Let t = 41 - 38. Let d be l(t). List the prime factors of 152/d + -3 - 1.
2, 3
Suppose 2*i + 9*p - 18849 = 1705, -p - 30744 = -3*i. List the prime factors of i.
2, 5, 41
Suppose -71*q = -84*q + 3744. Suppose 3*y - q = 555. What are the prime factors of y?
281
Suppose -7*k + 221805 = 8*k. What are the prime factors of k?
3, 31, 53
Let u be (18/(-12))/(15/12 - 2). Suppose 2*d - 7*n + u*n = 244, 4*n - 8 = 0. Let p = -15 + d. What are the prime factors of p?
2, 7
Let u = -23866 